{"id":49546,"date":"2020-06-17T10:19:49","date_gmt":"2020-06-17T07:19:49","guid":{"rendered":"https:\/\/www.finmasiko.fi\/verkkokauppa\/catalog\/?post_type=product&#038;p=49546"},"modified":"2026-04-29T16:14:19","modified_gmt":"2026-04-29T13:14:19","slug":"muuntimen-oljypumppu-15164189","status":"publish","type":"product","link":"https:\/\/www.finmasiko.fi\/verkkokauppa\/catalog\/tuote\/muuntimen-oljypumppu-15164189\/","title":{"rendered":"Muuntimen \u00f6ljypumppu &#8211; 15164189"},"content":{"rendered":"<p>Tuote k\u00e4y seuraaviin koneisiin:(huom muista mainita koneesi valmistenumero tilauksesi yhteydess\u00e4)<br \/>\nThe product is in the following machines:(remember to mention your machine&#8217;s serial number when ordering)<\/p>\n<p>L150F<br \/>\nL150G<br \/>\nL150H<br \/>\nL180F<br \/>\nL180G<br \/>\nL180H<br \/>\nL220F<br \/>\nL220G<br \/>\nL220H<br \/>\nL250G<br \/>\nL250H<\/p>\n","protected":false},"excerpt":{"rendered":"<p>Tuote k\u00e4y seuraaviin koneisiin:(huom muista mainita koneesi valmistenumero tilauksesi yhteydess\u00e4) The product is in the following machines:(remember to mention your machine&#8217;s serial number when ordering) L150F L150G L150H L180F L180G L180H L220F L220G L220H L250G L250H<\/p>\n","protected":false},"featured_media":49547,"template":"","meta":[],"product_cat":[3202,3216,3286,3300,3342,3356,3370,5703,5731,5745,5759],"product_tag":[],"class_list":{"0":"post-49546","1":"product","2":"type-product","3":"status-publish","4":"has-post-thumbnail","6":"product_cat-voimansiirto-l150f","7":"product_cat-voimansiirto-l150g","8":"product_cat-voimansiirto-l180f","9":"product_cat-voimansiirto-l180g","10":"product_cat-voimansiirto-l220f","11":"product_cat-voimansiirto-l220g","12":"product_cat-voimansiirto-l250g","13":"product_cat-voimansiirto-l150h","14":"product_cat-voimansiirto-l180h","15":"product_cat-voimansiirto-l220h","16":"product_cat-voimansiirto-l250h","18":"first","19":"instock","20":"taxable","21":"shipping-taxable","22":"purchasable","23":"product-type-simple"},"_links":{"self":[{"href":"https:\/\/www.finmasiko.fi\/verkkokauppa\/catalog\/wp-json\/wp\/v2\/product\/49546","targetHints":{"allow":["GET"]}}],"collection":[{"href":"https:\/\/www.finmasiko.fi\/verkkokauppa\/catalog\/wp-json\/wp\/v2\/product"}],"about":[{"href":"https:\/\/www.finmasiko.fi\/verkkokauppa\/catalog\/wp-json\/wp\/v2\/types\/product"}],"wp:featuredmedia":[{"embeddable":true,"href":"https:\/\/www.finmasiko.fi\/verkkokauppa\/catalog\/wp-json\/wp\/v2\/media\/49547"}],"wp:attachment":[{"href":"https:\/\/www.finmasiko.fi\/verkkokauppa\/catalog\/wp-json\/wp\/v2\/media?parent=49546"}],"wp:term":[{"taxonomy":"product_cat","embeddable":true,"href":"https:\/\/www.finmasiko.fi\/verkkokauppa\/catalog\/wp-json\/wp\/v2\/product_cat?post=49546"},{"taxonomy":"product_tag","embeddable":true,"href":"https:\/\/www.finmasiko.fi\/verkkokauppa\/catalog\/wp-json\/wp\/v2\/product_tag?post=49546"}],"curies":[{"name":"wp","href":"https:\/\/api.w.org\/{rel}","templated":true}]}}