{"id":28474,"date":"2018-11-28T15:50:42","date_gmt":"2018-11-28T13:50:42","guid":{"rendered":"https:\/\/www.finmasiko.fi\/verkkokauppa\/catalog\/kauppa\/hydrauliikkaoljysailion-mittalasi-2119-1007\/"},"modified":"2026-04-14T16:34:08","modified_gmt":"2026-04-14T13:34:08","slug":"hydrauliikkaoljysailion-mittalasi-2119-1007","status":"publish","type":"product","link":"https:\/\/www.finmasiko.fi\/verkkokauppa\/catalog\/tuote\/hydrauliikkaoljysailion-mittalasi-2119-1007\/","title":{"rendered":"Hydrauliikka\u00f6ljys\u00e4ili\u00f6n mittalasi &#8211; 2119-1007 \/ 800108-00052"},"content":{"rendered":"<p>Ref. 2119-1007 800108-00052<\/p>\n<p>Tuote k\u00e4y seuraaviin koneisiin:<br \/>\n(huom muista mainita koneesi valmistenumero tilauksesi yhteydess\u00e4)<\/p>\n<p>The product is in the following machines:<br \/>\n(remember to mention your machine&#8217;s serial number when ordering)<\/p>\n<p>SOLAR 130 LC-V<br \/>\nSOLAR 150 LC-V<br \/>\nSOLAR 155 LC-V<br \/>\nSOLAR 170 LC-V<br \/>\nSOLAR 175 LC-V<br \/>\nSOLAR 220 LC-V<br \/>\nSOLAR 225 LC-V<br \/>\nSOLAR 255 LC-V<br \/>\nSOLAR 290 LC-V<br \/>\nSOLAR 300 LC-V<br \/>\nSOLAR 330 LC-V<br \/>\nSOLAR 340 LC-V<\/p>\n","protected":false},"excerpt":{"rendered":"<p>Ref. 2119-1007 800108-00052 Tuote k\u00e4y seuraaviin koneisiin: (huom muista mainita koneesi valmistenumero tilauksesi yhteydess\u00e4) The product is in the following machines: (remember to mention your machine&#8217;s serial number when ordering) SOLAR 130 LC-V SOLAR 150 LC-V SOLAR 155 LC-V SOLAR 170 LC-V SOLAR 175 LC-V SOLAR 220 LC-V SOLAR 225 LC-V SOLAR 255 LC-V SOLAR [&hellip;]<\/p>\n","protected":false},"featured_media":29050,"template":"","meta":[],"product_cat":[3479,3495,3577,3591,3606,3620,3634,3662,3676,3690,3704,3718],"product_tag":[],"class_list":{"0":"post-28474","1":"product","2":"type-product","3":"status-publish","4":"has-post-thumbnail","6":"product_cat-hydrauliikka-solar-155-lc-v","7":"product_cat-hydrauliikka-solar-130-lc-v","8":"product_cat-hydrauliikka-solar-150-lc-v","9":"product_cat-hydrauliikka-solar-170-lc-v","10":"product_cat-hydrauliikka-solar-175-lc-v","11":"product_cat-hydrauliikka-solar-220-lc-v","12":"product_cat-hydrauliikka-solar-225-lc-v","13":"product_cat-hydrauliikka-solar-255-lc-v","14":"product_cat-hydrauliikka-solar-290-lc-v","15":"product_cat-hydrauliikka-solar-300-lc-v","16":"product_cat-hydrauliikka-solar-330-lc-v","17":"product_cat-hydrauliikka-solar-340-lc-v","18":"product_shipping_class-4724","20":"first","21":"instock","22":"taxable","23":"shipping-taxable","24":"purchasable","25":"product-type-simple"},"_links":{"self":[{"href":"https:\/\/www.finmasiko.fi\/verkkokauppa\/catalog\/wp-json\/wp\/v2\/product\/28474","targetHints":{"allow":["GET"]}}],"collection":[{"href":"https:\/\/www.finmasiko.fi\/verkkokauppa\/catalog\/wp-json\/wp\/v2\/product"}],"about":[{"href":"https:\/\/www.finmasiko.fi\/verkkokauppa\/catalog\/wp-json\/wp\/v2\/types\/product"}],"wp:featuredmedia":[{"embeddable":true,"href":"https:\/\/www.finmasiko.fi\/verkkokauppa\/catalog\/wp-json\/wp\/v2\/media\/29050"}],"wp:attachment":[{"href":"https:\/\/www.finmasiko.fi\/verkkokauppa\/catalog\/wp-json\/wp\/v2\/media?parent=28474"}],"wp:term":[{"taxonomy":"product_cat","embeddable":true,"href":"https:\/\/www.finmasiko.fi\/verkkokauppa\/catalog\/wp-json\/wp\/v2\/product_cat?post=28474"},{"taxonomy":"product_tag","embeddable":true,"href":"https:\/\/www.finmasiko.fi\/verkkokauppa\/catalog\/wp-json\/wp\/v2\/product_tag?post=28474"}],"curies":[{"name":"wp","href":"https:\/\/api.w.org\/{rel}","templated":true}]}}