{"id":28258,"date":"2018-11-28T15:50:00","date_gmt":"2018-11-28T13:50:00","guid":{"rendered":"https:\/\/www.finmasiko.fi\/verkkokauppa\/catalog\/kauppa\/polttoainesuodatin-ff5147\/"},"modified":"2026-04-16T16:57:56","modified_gmt":"2026-04-16T13:57:56","slug":"polttoainesuodatin-ff5147","status":"publish","type":"product","link":"https:\/\/www.finmasiko.fi\/verkkokauppa\/catalog\/tuote\/polttoainesuodatin-ff5147\/","title":{"rendered":"Polttoainesuodatin &#8211; FF5147"},"content":{"rendered":"<p>Toimitamme FLEETGUARD-suodattimia maansiirtokoneisiin. Edulliset ja hyv\u00e4laatuiset suodattimet ovat vaihtoehto maansiirtokoneeseen merkist\u00e4 riippumatta.<\/p>\n<p>Yhdysvaltalainen FLEETGUARD on maailman suurin raskaan kaluston suodattimien valmistaja, ja sen suodattimet t\u00e4ytt\u00e4v\u00e4t kaikkien johtavien konevalmistajien laatuvaatimukset.<\/p>\n<p>Lukuisat kansainv\u00e4liset kone- ja laitevalmistajat k\u00e4ytt\u00e4v\u00e4tkin Fleetguard-suodattimia tuotteidensa ensiasennussuodattimina.<\/p>\n<p>Fleetguard testaa kaikki suodattimensa ennen sarjavalmistusta ankarissa laboratorio- ja k\u00e4ytt\u00f6testeiss\u00e4. Lis\u00e4ksi yhti\u00f6 valvoo tuotantonsa laatua alan uusimman huipputekniikan avulla.<\/p>\n","protected":false},"excerpt":{"rendered":"<p>Toimitamme FLEETGUARD-suodattimia maansiirtokoneisiin. Edulliset ja hyv\u00e4laatuiset suodattimet ovat vaihtoehto maansiirtokoneeseen merkist\u00e4 riippumatta. Yhdysvaltalainen FLEETGUARD on maailman suurin raskaan kaluston suodattimien valmistaja, ja sen suodattimet t\u00e4ytt\u00e4v\u00e4t kaikkien johtavien konevalmistajien laatuvaatimukset. Lukuisat kansainv\u00e4liset kone- ja laitevalmistajat k\u00e4ytt\u00e4v\u00e4tkin Fleetguard-suodattimia tuotteidensa ensiasennussuodattimina. Fleetguard testaa kaikki suodattimensa ennen sarjavalmistusta ankarissa laboratorio- ja k\u00e4ytt\u00f6testeiss\u00e4. Lis\u00e4ksi yhti\u00f6 valvoo tuotantonsa laatua alan uusimman [&hellip;]<\/p>\n","protected":false},"featured_media":28956,"template":"","meta":[],"product_cat":[2235],"product_tag":[],"class_list":{"0":"post-28258","1":"product","2":"type-product","3":"status-publish","4":"has-post-thumbnail","6":"product_cat-fleetguard-suodattimet","7":"product_shipping_class-4724","9":"first","10":"outofstock","11":"taxable","12":"shipping-taxable","13":"purchasable","14":"product-type-simple"},"_links":{"self":[{"href":"https:\/\/www.finmasiko.fi\/verkkokauppa\/catalog\/wp-json\/wp\/v2\/product\/28258","targetHints":{"allow":["GET"]}}],"collection":[{"href":"https:\/\/www.finmasiko.fi\/verkkokauppa\/catalog\/wp-json\/wp\/v2\/product"}],"about":[{"href":"https:\/\/www.finmasiko.fi\/verkkokauppa\/catalog\/wp-json\/wp\/v2\/types\/product"}],"wp:featuredmedia":[{"embeddable":true,"href":"https:\/\/www.finmasiko.fi\/verkkokauppa\/catalog\/wp-json\/wp\/v2\/media\/28956"}],"wp:attachment":[{"href":"https:\/\/www.finmasiko.fi\/verkkokauppa\/catalog\/wp-json\/wp\/v2\/media?parent=28258"}],"wp:term":[{"taxonomy":"product_cat","embeddable":true,"href":"https:\/\/www.finmasiko.fi\/verkkokauppa\/catalog\/wp-json\/wp\/v2\/product_cat?post=28258"},{"taxonomy":"product_tag","embeddable":true,"href":"https:\/\/www.finmasiko.fi\/verkkokauppa\/catalog\/wp-json\/wp\/v2\/product_tag?post=28258"}],"curies":[{"name":"wp","href":"https:\/\/api.w.org\/{rel}","templated":true}]}}