{"id":28059,"date":"2018-11-28T15:49:28","date_gmt":"2018-11-28T13:49:28","guid":{"rendered":"https:\/\/www.finmasiko.fi\/verkkokauppa\/catalog\/kauppa\/pyyhkijanvalitanko-14529150\/"},"modified":"2026-04-17T16:13:58","modified_gmt":"2026-04-17T13:13:58","slug":"pyyhkijanvalitanko-14529150","status":"publish","type":"product","link":"https:\/\/www.finmasiko.fi\/verkkokauppa\/catalog\/tuote\/pyyhkijanvalitanko-14529150\/","title":{"rendered":"Pyyhkij\u00e4nv\u00e4litanko &#8211; 14529150"},"content":{"rendered":"<p>Tuote k\u00e4y seuraaviin koneisiin:<br \/>\n(huom muista mainita koneesi valmistenumero tilauksesi yhteydess\u00e4)<\/p>\n<p>The product is in the following machines:<br \/>\n(remember to mention your machine&#8217;s serial number when ordering)<\/p>\n<p>EC210LC<br \/>\nEC210LR<br \/>\nEC240LC<br \/>\nEC290LC<br \/>\nEC360LC<br \/>\nEC460LC<br \/>\nEC140LCM<br \/>\nEC140LC<br \/>\nSE 240 LC-3<br \/>\nSE 210 LC-3<br \/>\nSE 130 LC-3<\/p>\n","protected":false},"excerpt":{"rendered":"<p>Tuote k\u00e4y seuraaviin koneisiin: (huom muista mainita koneesi valmistenumero tilauksesi yhteydess\u00e4) The product is in the following machines: (remember to mention your machine&#8217;s serial number when ordering) EC210LC EC210LR EC240LC EC290LC EC360LC EC460LC EC140LCM EC140LC SE 240 LC-3 SE 210 LC-3 SE 130 LC-3<\/p>\n","protected":false},"featured_media":28834,"template":"","meta":[],"product_cat":[3907,4135,4149,4639,4191,4247,4625,4345,4401,4541,4611,4597,4403,4641,4627,4613,4599,4543,4347,4249,4193,4151,4137],"product_tag":[],"class_list":{"0":"post-28059","1":"product","2":"type-product","3":"status-publish","4":"has-post-thumbnail","6":"product_cat-kaikki-volvo-kaivinkoneiden-varaosat","7":"product_cat-ohjaamo-lasit-ec210lc","8":"product_cat-ohjaamo-lasit-ec210lr","9":"product_cat-ohjaamo-lasit-se-130-lc-3","10":"product_cat-ohjaamo-lasit-ec240lc","11":"product_cat-ohjaamo-lasit-ec290lc","12":"product_cat-ohjaamo-lasit-se-210-lc-3","13":"product_cat-ohjaamo-lasit-ec360lc","14":"product_cat-ohjaamo-lasit-ec460lc","15":"product_cat-ohjaamo-lasit-ec140lcm","16":"product_cat-ohjaamo-lasit-se-240-lc-3","17":"product_cat-ohjaamo-lasit-ec140lc","18":"product_cat-sahko-osat-laturit-startit-releet-valot-ec460lc","19":"product_cat-sahko-osat-laturit-startit-releet-valot-se-130-lc-3","20":"product_cat-sahko-osat-laturit-startit-releet-valot-se-210-lc-3","21":"product_cat-sahko-osat-laturit-startit-releet-valot-se-240-lc-3","22":"product_cat-sahko-osat-laturit-startit-releet-valot-ec140lc","23":"product_cat-sahko-osat-laturit-startit-releet-valot-ec140lcm","24":"product_cat-sahko-osat-laturit-startit-releet-valot-ec360lc","25":"product_cat-sahko-osat-laturit-startit-releet-valot-ec290lc","26":"product_cat-sahko-osat-laturit-startit-releet-valot-ec240lc","27":"product_cat-sahko-osat-laturit-startit-releet-valot-ec210lr","28":"product_cat-sahko-osat-laturit-startit-releet-valot-ec210lc","29":"product_shipping_class-4724","31":"first","32":"instock","33":"taxable","34":"shipping-taxable","35":"purchasable","36":"product-type-simple"},"_links":{"self":[{"href":"https:\/\/www.finmasiko.fi\/verkkokauppa\/catalog\/wp-json\/wp\/v2\/product\/28059","targetHints":{"allow":["GET"]}}],"collection":[{"href":"https:\/\/www.finmasiko.fi\/verkkokauppa\/catalog\/wp-json\/wp\/v2\/product"}],"about":[{"href":"https:\/\/www.finmasiko.fi\/verkkokauppa\/catalog\/wp-json\/wp\/v2\/types\/product"}],"wp:featuredmedia":[{"embeddable":true,"href":"https:\/\/www.finmasiko.fi\/verkkokauppa\/catalog\/wp-json\/wp\/v2\/media\/28834"}],"wp:attachment":[{"href":"https:\/\/www.finmasiko.fi\/verkkokauppa\/catalog\/wp-json\/wp\/v2\/media?parent=28059"}],"wp:term":[{"taxonomy":"product_cat","embeddable":true,"href":"https:\/\/www.finmasiko.fi\/verkkokauppa\/catalog\/wp-json\/wp\/v2\/product_cat?post=28059"},{"taxonomy":"product_tag","embeddable":true,"href":"https:\/\/www.finmasiko.fi\/verkkokauppa\/catalog\/wp-json\/wp\/v2\/product_tag?post=28059"}],"curies":[{"name":"wp","href":"https:\/\/api.w.org\/{rel}","templated":true}]}}