{"id":28006,"date":"2018-11-28T15:49:19","date_gmt":"2018-11-28T13:49:19","guid":{"rendered":"https:\/\/www.finmasiko.fi\/verkkokauppa\/catalog\/kauppa\/jaahdyttimen-paluuletkun-tiiviste-14526761\/"},"modified":"2026-04-17T16:13:30","modified_gmt":"2026-04-17T13:13:30","slug":"jaahdyttimen-paluuletkun-tiiviste-14526761","status":"publish","type":"product","link":"https:\/\/www.finmasiko.fi\/verkkokauppa\/catalog\/tuote\/jaahdyttimen-paluuletkun-tiiviste-14526761\/","title":{"rendered":"J\u00e4\u00e4hdyttimen paluuletkun tiiviste &#8211; 14526761"},"content":{"rendered":"<p>Tuote k\u00e4y seuraaviin koneisiin:<br \/>\n(huom muista mainita koneesi valmistenumero tilauksesi yhteydess\u00e4)<\/p>\n<p>VOLVO \/ SAMSUNG > EC250DL<br \/>\nVOLVO \/ SAMSUNG > EC290BLC<br \/>\nVOLVO \/ SAMSUNG > EC290CL<br \/>\nVOLVO \/ SAMSUNG > EC300DL<br \/>\nVOLVO \/ SAMSUNG > EC330BLC<br \/>\nVOLVO \/ SAMSUNG > EC330CL<br \/>\nVOLVO \/ SAMSUNG > EC340DL<br \/>\nVOLVO \/ SAMSUNG > EC360BLC<br \/>\nVOLVO \/ SAMSUNG > EC360CL<br \/>\nVOLVO \/ SAMSUNG > EC380DL<br \/>\nVOLVO \/ SAMSUNG > EC460BLC<br \/>\nVOLVO \/ SAMSUNG > EC460CL<br \/>\nVOLVO \/ SAMSUNG > EC480DL<br \/>\nVOLVO \/ SAMSUNG > EC700BLC<br \/>\nVOLVO \/ SAMSUNG > EC700CL<\/p>\n","protected":false},"excerpt":{"rendered":"<p>Tuote k\u00e4y seuraaviin koneisiin: (huom muista mainita koneesi valmistenumero tilauksesi yhteydess\u00e4) VOLVO \/ SAMSUNG > EC250DL VOLVO \/ SAMSUNG > EC290BLC VOLVO \/ SAMSUNG > EC290CL VOLVO \/ SAMSUNG > EC300DL VOLVO \/ SAMSUNG > EC330BLC VOLVO \/ SAMSUNG > EC330CL VOLVO \/ SAMSUNG > EC340DL VOLVO \/ SAMSUNG > EC360BLC VOLVO \/ SAMSUNG > [&hellip;]<\/p>\n","protected":false},"featured_media":28786,"template":"","meta":[],"product_cat":[3907],"product_tag":[],"class_list":{"0":"post-28006","1":"product","2":"type-product","3":"status-publish","4":"has-post-thumbnail","6":"product_cat-kaikki-volvo-kaivinkoneiden-varaosat","7":"product_shipping_class-4724","9":"first","10":"instock","11":"taxable","12":"shipping-taxable","13":"purchasable","14":"product-type-simple"},"_links":{"self":[{"href":"https:\/\/www.finmasiko.fi\/verkkokauppa\/catalog\/wp-json\/wp\/v2\/product\/28006","targetHints":{"allow":["GET"]}}],"collection":[{"href":"https:\/\/www.finmasiko.fi\/verkkokauppa\/catalog\/wp-json\/wp\/v2\/product"}],"about":[{"href":"https:\/\/www.finmasiko.fi\/verkkokauppa\/catalog\/wp-json\/wp\/v2\/types\/product"}],"wp:featuredmedia":[{"embeddable":true,"href":"https:\/\/www.finmasiko.fi\/verkkokauppa\/catalog\/wp-json\/wp\/v2\/media\/28786"}],"wp:attachment":[{"href":"https:\/\/www.finmasiko.fi\/verkkokauppa\/catalog\/wp-json\/wp\/v2\/media?parent=28006"}],"wp:term":[{"taxonomy":"product_cat","embeddable":true,"href":"https:\/\/www.finmasiko.fi\/verkkokauppa\/catalog\/wp-json\/wp\/v2\/product_cat?post=28006"},{"taxonomy":"product_tag","embeddable":true,"href":"https:\/\/www.finmasiko.fi\/verkkokauppa\/catalog\/wp-json\/wp\/v2\/product_tag?post=28006"}],"curies":[{"name":"wp","href":"https:\/\/api.w.org\/{rel}","templated":true}]}}