{"id":27954,"date":"2018-11-28T15:49:09","date_gmt":"2018-11-28T13:49:09","guid":{"rendered":"https:\/\/www.finmasiko.fi\/verkkokauppa\/catalog\/kauppa\/solenoidi-3991625\/"},"modified":"2026-05-08T16:49:49","modified_gmt":"2026-05-08T13:49:49","slug":"solenoidi-3991625","status":"publish","type":"product","link":"https:\/\/www.finmasiko.fi\/verkkokauppa\/catalog\/tuote\/solenoidi-3991625\/","title":{"rendered":"Solenoidi &#8211; 3991625"},"content":{"rendered":"<p>Alkuper\u00e4inen Cummins 5.9 pys\u00e4ytinsolenoidi.<\/p>\n<p>&nbsp;<\/p>\n<p>Tuote k\u00e4y seuraaviin koneisiin:<br \/>\n(huom muista mainita koneesi valmistenumero tilauksesi yhteydess\u00e4)<\/p>\n<p>The product is in the following machines:<br \/>\n(remember to mention your machine&#8217;s serial number when ordering)<\/p>\n<p>SAMSUNG SE 210 LC-3<br \/>\nVOLVO EC210LC<\/p>\n<p>&nbsp;<\/p>\n","protected":false},"excerpt":{"rendered":"<p>Alkuper\u00e4inen Cummins 5.9 pys\u00e4ytinsolenoidi. &nbsp; Tuote k\u00e4y seuraaviin koneisiin: (huom muista mainita koneesi valmistenumero tilauksesi yhteydess\u00e4) The product is in the following machines: (remember to mention your machine&#8217;s serial number when ordering) SAMSUNG SE 210 LC-3 VOLVO EC210LC &nbsp;<\/p>\n","protected":false},"featured_media":49759,"template":"","meta":[],"product_cat":[3907,4138,4628,4137,4627],"product_tag":[],"class_list":{"0":"post-27954","1":"product","2":"type-product","3":"status-publish","4":"has-post-thumbnail","6":"product_cat-kaikki-volvo-kaivinkoneiden-varaosat","7":"product_cat-moottorin-osat-ec210lc","8":"product_cat-moottorin-osat-se-210-lc-3","9":"product_cat-sahko-osat-laturit-startit-releet-valot-ec210lc","10":"product_cat-sahko-osat-laturit-startit-releet-valot-se-210-lc-3","11":"product_shipping_class-4724","13":"first","14":"instock","15":"taxable","16":"shipping-taxable","17":"purchasable","18":"product-type-simple"},"_links":{"self":[{"href":"https:\/\/www.finmasiko.fi\/verkkokauppa\/catalog\/wp-json\/wp\/v2\/product\/27954","targetHints":{"allow":["GET"]}}],"collection":[{"href":"https:\/\/www.finmasiko.fi\/verkkokauppa\/catalog\/wp-json\/wp\/v2\/product"}],"about":[{"href":"https:\/\/www.finmasiko.fi\/verkkokauppa\/catalog\/wp-json\/wp\/v2\/types\/product"}],"wp:featuredmedia":[{"embeddable":true,"href":"https:\/\/www.finmasiko.fi\/verkkokauppa\/catalog\/wp-json\/wp\/v2\/media\/49759"}],"wp:attachment":[{"href":"https:\/\/www.finmasiko.fi\/verkkokauppa\/catalog\/wp-json\/wp\/v2\/media?parent=27954"}],"wp:term":[{"taxonomy":"product_cat","embeddable":true,"href":"https:\/\/www.finmasiko.fi\/verkkokauppa\/catalog\/wp-json\/wp\/v2\/product_cat?post=27954"},{"taxonomy":"product_tag","embeddable":true,"href":"https:\/\/www.finmasiko.fi\/verkkokauppa\/catalog\/wp-json\/wp\/v2\/product_tag?post=27954"}],"curies":[{"name":"wp","href":"https:\/\/api.w.org\/{rel}","templated":true}]}}