{"id":3,"date":"2018-11-15T15:37:50","date_gmt":"2018-11-15T13:37:50","guid":{"rendered":"http:\/\/localhost\/wordpress\/wordpress\/?page_id=3"},"modified":"2019-06-12T18:50:45","modified_gmt":"2019-06-12T15:50:45","slug":"tietosuojaseloste","status":"publish","type":"page","link":"https:\/\/www.finmasiko.fi\/verkkokauppa\/catalog\/tietosuojaseloste\/","title":{"rendered":"Tietosuojaseloste"},"content":{"rendered":"<div id=\"tietosuoja_padding\">\n<h1>FIN MASIKO OY- TIETOSUOJASELOSTE<\/h1>\n<p>P\u00e4ivitetty 25.5.2018<\/p>\n<p>Hei, otamme Fin Masiko Oy:ssa tietosuojan vakavasti ja sitoudumme noudattamaan yleist\u00e4 EU:n tietosuoja-asetusta (engl. General Data Protection Regulation, GDPR). Rekisterinpit\u00e4j\u00e4ll\u00e4 on tietosuoja-asetuksen mukaan velvollisuus informoida selke\u00e4ll\u00e4 tavalla rekister\u00f6ityj\u00e4. T\u00e4m\u00e4 seloste t\u00e4ytt\u00e4\u00e4 informointivelvoitteen.<\/p>\n<p>K\u00e4ytt\u00e4\u00e4kseen Fin Masiko Oy:n palveluita asiakkaan on hyv\u00e4ksytt\u00e4v\u00e4 t\u00e4ss\u00e4 tietosuojaselosteessa mainitut tiedonkeruun ja tiedonk\u00e4sittelyn keinot. Hyv\u00e4ksyminen tapahtuu tilauksen yhteydess\u00e4, asiakastilin luomisen yhteydess\u00e4 tai muun vastaavan toimenpiteen yhteydess\u00e4.<\/p>\n<p>Pid\u00e4t\u00e4mme oikeuden muuttaa t\u00e4m\u00e4n tietosuojaselosteen sis\u00e4lt\u00f6\u00e4 toimintamme kehittyess\u00e4 tai muun tarpeen sit\u00e4 vaatiessa. Ilmoitamme muutoksista uuden tietosuojaselosteen julkaisun yhteydess\u00e4. Tietosuojaselosteen voi my\u00f6s lukea osoitteessa. www.finmasiko.fi\/tietosuoja<\/p>\n<p>Jos jokin asia on ep\u00e4selv\u00e4\u00e4 voit kysy\u00e4 lis\u00e4\u00e4 asiakaspalvelustamme:<\/p>\n<p>Puh: 044 2825408 tai s\u00e4hk\u00f6postilla info@www.finmasiko.fi<\/p>\n<h2>1. Rekisterinpit\u00e4j\u00e4<\/h2>\n<p>Fin Masiko Oy<\/p>\n<p>Y-tunnus: 2562499-5<\/p>\n<p>Poijutie 2, 70460, Kuopio, Finland<\/p>\n<p>www.finmasiko.fi<\/p>\n<p>+358 (0)442825408<\/p>\n<h2>Yhteystiedot rekisteri\u00e4 koskevissa asioissa:<\/h2>\n<p>Fin Masiko Oy \/ Antti Miettinen<\/p>\n<p>Poijutie 2<\/p>\n<p>70460, Kuopio, Finland<\/p>\n<p>+3580442825408<\/p>\n<p>info@www.finmasiko.fi<\/p>\n<h2>Tietosuojavastaava:<\/h2>\n<p>Fin Masiko Oy \/ Antti Miettinen<\/p>\n<p>Poijutie 2<\/p>\n<p>70460, Kuopio, Finland<\/p>\n<p>+3580445439177<\/p>\n<p>antti.miettinen@www.finmasiko.fi<\/p>\n<h2>2. Rekister\u00f6idyt<\/h2>\n<p>Rekisteriss\u00e4 on Fin Masiko Oy:n asiakkaat. Fin Masiko Oy:n ty\u00f6ntekij\u00e4t.<\/p>\n<h2>3. Henkil\u00f6tietojen k\u00e4ytt\u00f6tarkoitus<\/h2>\n<p>Rekisterin pit\u00e4misen peruste:<\/p>\n<p>\u2022 Henkil\u00f6tietoja k\u00e4sitell\u00e4\u00e4n rekister\u00f6idyn asiakassuhteen perusteella<\/p>\n<p>\u2022 Henkil\u00f6tietoja k\u00e4sitell\u00e4\u00e4n suostumuksen perusteella. Kirje, s\u00e4hk\u00f6posti ja tekstiviesti markkinointi.<\/p>\n<h2>Henkil\u00f6tietojen k\u00e4sittelyn ja rekisterin k\u00e4ytt\u00f6tarkoitus<\/h2>\n<p>Henkil\u00f6tietoja k\u00e4sitell\u00e4\u00e4n vain ennalta m\u00e4\u00e4riteltyihin tarkoituksiin, jotka ovat seuraavat:<\/p>\n<p>\u2022 Asiakassuhteen hoitaminen. Tilauksien, toimituksen, laskutuksen ja varaosien k\u00e4yp\u00e4isyyden varmistamiseksi.<\/p>\n<p>\u2022 Palveluistamme kertominen.<\/p>\n<p>\u2022 Turvallisen ja helppok\u00e4ytt\u00f6isen palvelun toimittamiseen.<\/p>\n<p>\u2022 Yrityksen markkinoinnin kehitt\u00e4miseen.<\/p>\n<p>\u2022 Verkkokaupan ja asiakaspalvelun kehitt\u00e4miseen.<\/p>\n<p>\u2022 Ty\u00f6sopimuksen solmimiseen.<\/p>\n<h2>4. Rekisteriin tallennettavat henkil\u00f6tiedot<\/h2>\n<p>Asiakasrekisteri sis\u00e4lt\u00e4\u00e4 seuraavat tiedot:<\/p>\n<h2>Yhteystiedot<\/h2>\n<p>\u2022 Nimi<\/p>\n<p>\u2022 Osoite tai mahdollinen toimitusosoite.<\/p>\n<p>\u2022 S\u00e4hk\u00f6posti<\/p>\n<p>\u2022 Puhelinnumero<\/p>\n<h2>Asiakastiedot<\/h2>\n<p>\u2022 Tiedot ostetuista tuotteista<\/p>\n<p>\u2022 Y-tunnus<\/p>\n<p>\u2022 Konetyyppitiedot, valmistenumero, konetyyppi ja muut mallitiedot.<\/p>\n<h2>Ty\u00f6ntekij\u00f6iden tiedot:<\/h2>\n<p>\u2022 Ty\u00f6sopimuksen mukaiset tiedot.<\/p>\n<h2>5. Rekister\u00f6idyn oikeudet<\/h2>\n<p>Rekister\u00f6idyll\u00e4 on seuraavat oikeudet, joiden k\u00e4ytt\u00e4mist\u00e4 koskevat pyynn\u00f6t tulee tehd\u00e4 osoitteeseen info@www.finmasiko.fi<\/p>\n<h2>Tarkastusoikeus<\/h2>\n<p>Rekister\u00f6ity voi tarkistaa tallentamamme henkil\u00f6tiedot. Verkkokaupan asiakassivulta l\u00f6yd\u00e4t itsest\u00e4si luovuttamasi tiedot. Jos olet tehnyt tilauksen puhelimessa, niin antamasi tiedot l\u00f6ytyv\u00e4t laskutusohjelmastamme, jolla teemme lopullisen laskun. Voit kysy\u00e4 n\u00e4it\u00e4 tietoja asiakaspalvelustamme.<\/p>\n<h2>Oikeus tietojen oikaisemiseen<\/h2>\n<p>Rekister\u00f6ity voi pyyt\u00e4\u00e4 oikaisemaan h\u00e4nt\u00e4 koskevat virheelliset tai puutteelliset tiedot. Verkkokaupan asiakastilisivultasi voit itse muuttaa, korjata tai poistaa itsest\u00e4si luovuttamia tietoja. Samoin pystyt p\u00e4\u00e4tt\u00e4m\u00e4\u00e4n, haluatko ottaa vastaan markkinointiviestej\u00e4. Pyrimme lis\u00e4\u00e4m\u00e4\u00e4n asiakastiliin lis\u00e4 ominaisuuksia, jotta asiakkaillemme olisi mahdollisimman helppoa vaikuttaa omiin tietoihinsa.<\/p>\n<h2>Vastustamisoikeus<\/h2>\n<p>Rekister\u00f6ity voi vastustaa henkil\u00f6tietojen k\u00e4sittely\u00e4, mik\u00e4li kokee, ett\u00e4 henkil\u00f6tietoja on k\u00e4sitelty lainvastaisesti.<\/p>\n<h2>Suoramarkkinointikielto<\/h2>\n<p>Rekister\u00f6idyll\u00e4 on oikeus kielt\u00e4\u00e4 tietojen k\u00e4ytt\u00e4minen suoramarkkinointiin.<\/p>\n<h2>Poisto-oikeus<\/h2>\n<p>Rekister\u00f6idyll\u00e4 on oikeus pyyt\u00e4\u00e4 tietojen poistamista, jos tietojen k\u00e4sittely ei ole tarpeen. K\u00e4sittelemme poistopyynn\u00f6n, jonka j\u00e4lkeen joko poistamme tiedot tai ilmoitamme perustellun syyn, miksi tietoja ei voida poistaa.<\/p>\n<p>On huomioitava, ett\u00e4 rekisterinpit\u00e4j\u00e4ll\u00e4 voi olla lakis\u00e4\u00e4teinen tai muu oikeus olla poistamatta pyydetty\u00e4 tietoa. Rekisterinpit\u00e4j\u00e4ll\u00e4 on velvollisuus s\u00e4ilytt\u00e4\u00e4 kirjanpitoaineisto Kirjanpitolaissa (luku 2, 10 \u00a7) m\u00e4\u00e4ritellyn ajan (10 vuotta) mukaisesti. T\u00e4m\u00e4n vuoksi kirjanpitoon liittyv\u00e4\u00e4 aineistoa ei voida poistaa ennen m\u00e4\u00e4r\u00e4ajan umpeutumista.<\/p>\n<p>Poistopyynn\u00f6n voi toteuttaa ottamalla yhteytt\u00e4 asiakaspalveluun info@www.finmasiko.fi tai puh: 044 28 25 408. Tai k\u00e4ym\u00e4ll\u00e4 myym\u00e4l\u00e4ss\u00e4mme. Huomioitahan ett\u00e4 lains\u00e4\u00e4d\u00e4nt\u00f6 tai maksamattomat laskut saattavat velvoittaa s\u00e4ilytt\u00e4m\u00e4\u00e4n osan asiakastiedoista poistopyynn\u00f6st\u00e4 huolimatta.<\/p>\n<h2>Suostumuksen peruuttaminen<\/h2>\n<p>Jos rekister\u00f6ity\u00e4 koskeva henkil\u00f6tietojen k\u00e4sittely perustuu ainoastaan suostumukseen, eik\u00e4 esim. asiakkuuteen tai j\u00e4senyyteen, voi rekister\u00f6ity peruuttaa suostumuksen.<\/p>\n<h2>Rekister\u00f6ity voi valittaa p\u00e4\u00e4t\u00f6ksest\u00e4 tietosuojavaltuutetulle<\/h2>\n<p>Rekister\u00f6idyll\u00e4 on oikeus vaatia, ett\u00e4 rajoitamme kiistanalaisten tietojen k\u00e4sittely\u00e4 siksi aikaa, kunnes asia saadaan ratkaistua.<\/p>\n<h2>Valitusoikeus<\/h2>\n<p>Rekister\u00f6idyll\u00e4 on oikeus tehd\u00e4 valitus tietosuojavaltuutetulle kantelu, jos h\u00e4n kokee, ett\u00e4 rikomme henkil\u00f6tietoja k\u00e4sitelless\u00e4mme voimassa olevaa tietosuojalains\u00e4\u00e4d\u00e4nt\u00f6\u00e4.<\/p>\n<h2>Tietosuojavaltuutetun yhteystiedot:<\/h2>\n<p>www.tietosuoja.fi\/fi\/index\/yhteystiedot.html<\/p>\n<h2>6. S\u00e4\u00e4nn\u00f6nmukaiset tietol\u00e4hteet<\/h2>\n<p>Asiakastiedot saadaan s\u00e4\u00e4nn\u00f6nmukaisesti:<\/p>\n<p>Puhelimella myynnin yhteydess\u00e4 tai verkkokaupasta oston yhteydess\u00e4.<\/p>\n<h2>7. S\u00e4\u00e4nn\u00f6nmukaiset tietojen luovutukset<\/h2>\n<p>Tietoja ei p\u00e4\u00e4s\u00e4\u00e4nt\u00f6isesti luovuteta markkinointitarkoituksiin Fin Masiko Oy:n ulkopuolelle. Olemme varmistaneet, ett\u00e4 kaikki palveluntarjoajamme noudattavat tietosuojalains\u00e4\u00e4d\u00e4nt\u00f6\u00e4. K\u00e4yt\u00e4mme s\u00e4\u00e4nn\u00f6nmukaisesti seuraavia palvelutarjoajia:<\/p>\n<p>\u2022 Tekstiviestin l\u00e4hetyspalvelu: Kuulalaakeri Oy<\/p>\n<p>\u2022 S\u00e4hk\u00f6postin l\u00e4hetyspalvelu: Mail-chimp, Mailmunch.<\/p>\n<h2>8. K\u00e4sittelyn kesto<\/h2>\n<p>\u2022 Henkil\u00f6tietoja k\u00e4sitell\u00e4\u00e4n p\u00e4\u00e4s\u00e4\u00e4nt\u00f6isesti niin kauan, kuin asiakkuus on voimassa.<\/p>\n<p>\u2022 Markkinointilistaltamme rekister\u00f6ity p\u00e4\u00e4see poistumaan itse jokaisessa l\u00e4hett\u00e4m\u00e4ss\u00e4mme markkinointis\u00e4hk\u00f6postissamme olevan linkin kautta. Tai vastaamalla tekstiviestiin. Viestiss\u00e4 olevien ohjeiden mukaan.<\/p>\n<h2>9. Henkil\u00f6tietojen k\u00e4sittelij\u00e4t<\/h2>\n<p>Tietoja k\u00e4sittelev\u00e4t Fin Masiko Oy:n ty\u00f6ntekij\u00e4t.<\/p>\n<p>Lis\u00e4ksi henkil\u00f6tietoja k\u00e4sittelev\u00e4t v\u00e4lillisesti meid\u00e4n yhteisty\u00f6kumppanit.<\/p>\n<p>Tilitoimisto, Laskutuspalvelu Ropo, Passeli Visma.<\/p>\n<p>Rahtipalvelut, Posti, Matkahuolto, TNT ja DB schenker.<\/p>\n<p>Voimme my\u00f6s ulkoistaa henkil\u00f6tietojen k\u00e4sittelyn osittain kolmannelle osapuolelle, jolloin takaamme sopimusj\u00e4rjestelyin, ett\u00e4 henkil\u00f6tietoja k\u00e4sitell\u00e4\u00e4n voimassa olevan tietosuojalains\u00e4\u00e4d\u00e4nn\u00f6n mukaisesti ja muutoin asianmukaisesti.<\/p>\n<h2>10. Tietojen siirto EU:n ulkopuolelle<\/h2>\n<p>Henkil\u00f6tietoja ei siirret\u00e4 EU:n tai Euroopan talousalueen ulkopuolelle.<\/p>\n<p>Seuraava koskee s\u00e4hk\u00f6postin l\u00e4hetyst\u00e4. Mail-chimp, Mailmunch j\u00e4rj\u00e4stelmist\u00e4. Tietoja voidaan siirt\u00e4\u00e4 s\u00e4\u00e4nn\u00f6nmukaisesti EU:n tai Euroopan talousalueen ulkopuolelle. Kun tietoja siirret\u00e4\u00e4n EU:n ja ETA:n ulkopuolelle, huolehdimme henkil\u00f6tietojen suojan riitt\u00e4v\u00e4st\u00e4 tasosta muun muassa sopimalla henkil\u00f6tietojen luottamuksellisuuteen ja k\u00e4sittelyyn liittyvist\u00e4 asioista lains\u00e4\u00e4d\u00e4nn\u00f6n edellytt\u00e4m\u00e4ll\u00e4 tavalla.<\/p>\n<h2>11. Automaattinen p\u00e4\u00e4t\u00f6ksenteko ja profilointi<\/h2>\n<p>Emme k\u00e4yt\u00e4 tietoja automaattiseen p\u00e4\u00e4t\u00f6ksentekoon tai profilointiin.<\/p>\n<h2>12. P\u00e4\u00e4tyyk\u00f6 tietojani kolmansille osapuolille?<\/h2>\n<p>Jotkin v\u00e4ltt\u00e4m\u00e4tt\u00f6m\u00e4t tiedot v\u00e4littyv\u00e4t kolmansille osapuolille maksutapahtuman, toimituksen tai markkinointiviestien mahdollistamiseksi. Esimerkiksi toimituksien mahdollistamiseksi osoite- ja yhteystietosi v\u00e4littyv\u00e4t logistiikasta vastaaville tahoille. Verkkokauppatapahtumat v\u00e4littyv\u00e4t k\u00e4ytt\u00e4m\u00e4\u00e4mme sis\u00e4lt\u00f6- ja markkinointikohdennusj\u00e4rjestelm\u00e4\u00e4n, johon vain meill\u00e4 on p\u00e4\u00e4sy. S\u00e4hk\u00f6postin ja tekstiviestijn l\u00e4hetys p\u00e4\u00e4tyy n\u00e4ist\u00e4 vastaaville yrityksille. Laskutuspahtuman yhteydess\u00e4 maksutietosi kulkevat luotetun maksunv\u00e4litt\u00e4j\u00e4n kautta.<\/p>\n<p>Kullekin taholle l\u00e4hetet\u00e4\u00e4n vain palvelun toteutumisen kannalta v\u00e4ltt\u00e4m\u00e4tt\u00f6min tieto eik\u00e4 n\u00e4ill\u00e4 palveluntarjoajilla ole oikeutta k\u00e4ytt\u00e4\u00e4 tietojasi muuhun kuin palvelun toteuttamiseen. Kaikki tiedonsiirto tapahtuu salattujen yhteyksien kautta.<\/p>\n<h2>13. Ev\u00e4steet ja seuranta Fin Masiko Oy:n sivuilla<\/h2>\n<p>Fin Masiko Oyn nettisivut hy\u00f6dynt\u00e4v\u00e4t ev\u00e4steit\u00e4 sek\u00e4 selainteknisi\u00e4 toimintoja, kuten selaimen muistia. Ev\u00e4steet ovat nettisivujen luomia pieni\u00e4 tiedostoja, joiden avulla pystymme ker\u00e4\u00e4m\u00e4\u00e4n verkkokaupan k\u00e4ytt\u00e4jist\u00e4 tietoa ja tarjoamaan paremmin toimivan verkkokaupan. Ev\u00e4steit\u00e4 k\u00e4ytet\u00e4\u00e4n mm. ostoskorin toiminnallisuuksiin, k\u00e4ytt\u00e4j\u00e4n tunnistamiseen ja rekister\u00f6ityneen asiakkaan kirjautumiseen.<\/p>\n<p>Ev\u00e4steiden poistaminen onnistuu selaimesi asetuksista. Muista kuitenkin, ett\u00e4 selaimeesi latautuu uudet ev\u00e4steet, kun vierailet sivuillamme taas. Ev\u00e4steiden ja niiden k\u00e4yt\u00f6n hyv\u00e4ksyminen on pakollista. Tiedotamme ev\u00e4steist\u00e4 verkkosivullamme.<\/p>\n<p>Ev\u00e4steit\u00e4 k\u00e4ytet\u00e4\u00e4n my\u00f6s verkkokaupan sek\u00e4 markkinoinnin personoinnin mahdollistamiseksi. Sivustollamme on my\u00f6s muita seurantatekniikoita, kuten Sivujemme selausta seuraavat mm. Google, Facebook ja Chatpalvelu Tawk.to. N\u00e4iden kautta pystymme mm. analysoimaan ja kehitt\u00e4m\u00e4\u00e4n verkkokauppamme toimintaa, kohdentamaan verkkosivustosis\u00e4lt\u00f6\u00e4 sek\u00e4 kohdentamaan mainossis\u00e4lt\u00f6\u00e4.<\/p>\n<h2>Jos tarvitset lis\u00e4tietoja:<\/h2>\n<p>Asiakaspalvelumme vastaa kysymyksiin: info@www.finmasiko.fi<\/p>\n<\/div>\n","protected":false},"excerpt":{"rendered":"<p>FIN MASIKO OY- TIETOSUOJASELOSTE P\u00e4ivitetty 25.5.2018 Hei, otamme Fin Masiko Oy:ssa tietosuojan vakavasti ja sitoudumme noudattamaan yleist\u00e4 EU:n tietosuoja-asetusta (engl. General Data Protection Regulation, GDPR). Rekisterinpit\u00e4j\u00e4ll\u00e4 on tietosuoja-asetuksen mukaan velvollisuus informoida selke\u00e4ll\u00e4 tavalla rekister\u00f6ityj\u00e4. T\u00e4m\u00e4 seloste t\u00e4ytt\u00e4\u00e4 informointivelvoitteen. K\u00e4ytt\u00e4\u00e4kseen Fin Masiko Oy:n palveluita asiakkaan on hyv\u00e4ksytt\u00e4v\u00e4 t\u00e4ss\u00e4 tietosuojaselosteessa mainitut tiedonkeruun ja tiedonk\u00e4sittelyn keinot. Hyv\u00e4ksyminen tapahtuu [&hellip;]<\/p>\n","protected":false},"author":1,"featured_media":0,"parent":0,"menu_order":0,"comment_status":"closed","ping_status":"open","template":"","meta":{"footnotes":""},"class_list":["post-3","page","type-page","status-publish","hentry"],"_links":{"self":[{"href":"https:\/\/www.finmasiko.fi\/verkkokauppa\/catalog\/wp-json\/wp\/v2\/pages\/3","targetHints":{"allow":["GET"]}}],"collection":[{"href":"https:\/\/www.finmasiko.fi\/verkkokauppa\/catalog\/wp-json\/wp\/v2\/pages"}],"about":[{"href":"https:\/\/www.finmasiko.fi\/verkkokauppa\/catalog\/wp-json\/wp\/v2\/types\/page"}],"author":[{"embeddable":true,"href":"https:\/\/www.finmasiko.fi\/verkkokauppa\/catalog\/wp-json\/wp\/v2\/users\/1"}],"replies":[{"embeddable":true,"href":"https:\/\/www.finmasiko.fi\/verkkokauppa\/catalog\/wp-json\/wp\/v2\/comments?post=3"}],"version-history":[{"count":0,"href":"https:\/\/www.finmasiko.fi\/verkkokauppa\/catalog\/wp-json\/wp\/v2\/pages\/3\/revisions"}],"wp:attachment":[{"href":"https:\/\/www.finmasiko.fi\/verkkokauppa\/catalog\/wp-json\/wp\/v2\/media?parent=3"}],"curies":[{"name":"wp","href":"https:\/\/api.w.org\/{rel}","templated":true}]}}